s**3. Determine b(6).
2
Let z(c) = -2*c - 2. Let x be z(-4). Let r(s) be the first derivative of -s**2/2 + 4*s + 1. What is r(x)?
-2
Let w(p) be the third derivative of -6*p**2 - 1/24*p**4 + 1/6*p**3 + 0*p + 0. Calculate w(4).
-3
Suppose 3*b - 1 = 5. Let r(s) = 3*s**2 - s + b - s**2 - s**2. What is r(0)?
2
Let x(q) = 5*q**2. Let u be ((-2)/(-6))/((-2)/(-6)). Suppose -2*k - u - 1 = 0. Give x(k).
5
Let l(f) be the third derivative of f**4/24 - f**3/6 - f**2 - 15. Calculate l(6).
5
Let f(t) = -8*t + 3. Let w(u) = -16*u + 6. Let b(c) = -5*f(c) + 3*w(c). What is b(2)?
-13
Let j(y) = 4*y + 11. Let d be j(-5). Let t = d - -9. Let l(f) = -f - 5. Determine l(t).
-5
Let k(h) = 33 - 19 - 17 + 4*h**2 - 3*h**2 + 4*h. Determine k(2).
9
Let s(f) = 4*f + 9. Let z = -73 - -66. Calculate s(z).
-19
Suppose -4*d - d - 5*a + 95 = 0, 2*d + a = 35. Suppose 6*p - 3*x - 20 = p, 0 = -4*p + 3*x + d. Let q(g) = -g + 2. Determine q(p).
-2
Suppose -x - 1 = -0*x. Let p = 25 - 18. Let a(s) = 2*s**3 - 7 + s**2 + p. Give a(x).
-1
Let u be -1*(2 - (0 - -2)). Suppose 0 = -4*y + 2 + 6. Let c(x) = y + 0*x - x - x**2 + 1. Give c(u).
3
Let b(z) = 8 - 2 - 3 + 2*z. Give b(-3).
-3
Let g(d) = d**2 + 8*d + 9. Let h be g(-7). Let l(r) = -r**3 + 3*r**2 + h*r - 6*r + 0 + 1 - 9*r**2. Let t be (-1)/(-1*(-2)/10). Give l(t).
-4
Let h(d) = d - 1. Suppose -13 = -4*p + t, -5*p + 0*t - 5 = 3*t. Give h(p).
1
Let p(u) = 6*u + 1. Suppose 5*t - 37 = -4*i, -5*t + 2 + 3 = 0. Let l(d) = -d**3 + 9*d**2 - 8*d + 1. Let m be l(i). Calculate p(m).
7
Let l = 0 + -1. Let k(x) = x - 1. Let j(h) = -h**3 - 3*h**2 + 4*h + 4. Let w be j(-4). Let p(i) = -3*i - 3. Let r(n) = l*p(n) + w*k(n). What is r(-1)?
-8
Let k be (-12)/8 - 7/(-2). Let g(s) = 5*s**2 - 7 + 7 - 2 + s**k - s**3 - 4*s. Give g(5).
3
Let i(y) = y**2 - 4*y + 4. Let t be i(3). Let g = -1 - -2. Let l(s) = -s - 4*s**2 + 1 - g. Calculate l(t).
-5
Let u(f) = -4*f**3 - 1. Let l(d) = 6*d - 3. Let r be l(3). Suppose -3*o + r = -5*v - o, -2*v - o + 3 = 0. Determine u(v).
3
Let l be 2/(-3) + -1 + 2. Let j(o) be the third derivative of o**2 + 0*o - l*o**3 + 0 - 1/8*o**4. Calculate j(-2).
4
Let z(a) be the second derivative of -a**3/2 - a**2 - 30*a. Determine z(-6).
16
Let v(q) = 11*q - 17. Let f(x) = 5*x - 8. Let r = 44 - 31. Let s(g) = r*f(g) - 6*v(g). Give s(-4).
2
Let h be 51/60 - 6*1/10. Let w(r) be the second derivative of -r + 0 - 1/2*r**2 - h*r**4 + 1/2*r**3 - 1/20*r**5. Determine w(-4).
3
Let a(p) = 3*p + 2. Suppose 0 = 2*h + 1 + 9. What is a(h)?
-13
Let r(q) be the second derivative of -q**3/3 + 5*q**2/2 + 2*q. Let w(k) = -2*k + 6. Let y(i) = 3*r(i) - 4*w(i). Give y(6).
3
Let l(m) = 4 + 48*m - 5 + 65*m - 97*m. Calculate l(2).
31
Suppose 4*t + 3 = 15. Let s(k) = -2 - 6*k + t*k + 2*k. What is s(-5)?
3
Let m be (-12)/42 - (-166)/336. Let a(z) be the third derivative of 1/10*z**5 + m*z**4 + 1/120*z**6 + z**2 - 2/3*z**3 + 0*z + 0. What is a(-4)?
8
Suppose -4*z - 8 = 4. Let i(j) = -2*j + 6*j**3 - 3 + 3*j**3 - 3*j**3 - 3*j**2. Let h(o) = 5*o**3 - 2*o**2 - 2*o - 2. Let p(d) = z*i(d) + 4*h(d). What is p(-2)?
-7
Let g(u) be the second derivative of 3*u + 0 + 5/2*u**2 - 1/6*u**3. Give g(3).
2
Suppose 0 = -5*j + 7*j - 16. Let i(z) = 0 + 3*z**2 - 1 - j*z**2. Give i(1).
-6
Let g(c) = -8*c**2 + c + 2. Let h(d) = 26*d**2 - 2*d - 5. Let n(k) = -8*g(k) - 3*h(k). Determine n(-1).
-13
Let v = -34 + 32. Let d(g) = g**2 - 9*g + 11. Let o be d(8). Let b(z) = -z**3 - 2*z + 1 - o*z**2 - 1. Calculate b(v).
0
Let b(g) be the first derivative of g**3/3 - 4*g**2 + 4*g - 32. What is b(5)?
-11
Let m(l) = -6 + 5 - 2*l - 2. Determine m(-3).
3
Let q(k) = 4*k**3 + 2*k**2 - 1. Suppose 2 = -5*o + 7. What is q(o)?
5
Let s(g) = -8*g. Suppose 2*n + 4*d = -d + 27, -d = 2*n - 15. Let m be 2*(9/n)/3. Calculate s(m).
-8
Let y(f) be the third derivative of f**6/120 + f**5/60 - f**4/24 - 5*f**2. Determine y(-2).
-2
Suppose 4 = -30*u + 26*u. Let v(d) = -4*d**3 - d - d**3 - d - 1. Determine v(u).
6
Let o(z) = -z**2 - 3*z + 4. Let u be 4/(12/3) - 4. Give o(u).
4
Let k be 7/(-3) - (-2)/6. Let z be (k/(-4))/((-1)/(-10)). Let m(j) = 4*j - 1. Let u(w) = 13*w - 2. Let x(i) = 7*m(i) - 2*u(i). Calculate x(z).
7
Suppose 28*i - 24*i + 4 = 0. Let m(c) = 12*c. Determine m(i).
-12
Let t(c) = c**2 + 4*c. Let b(f) = f**2 + 4*f + 1. Let n(q) = 6*b(q) - 5*t(q). Suppose -h + 12 = -4*h. Determine n(h).
6
Let j(q) = 17 - q**2 - 8 + 0*q**2 - 10 - 6*q. Calculate j(-5).
4
Let z(i) = 6*i**3 + i**2 + 6*i + 8. Let b(o) = o**3 + o + 1. Let s(y) = 5*b(y) - z(y). Let g = -2 + 2. Let t be g/(4 + -3 + 1). Calculate s(t).
-3
Let o(w) = -w**2 - 7*w - 6. Let z(m) = -5*m**2 - 35*m - 31. Let x(h) = -h**3 + 6*h**2 + 6*h + 9. Let v be x(7). Let n(u) = v*z(u) - 11*o(u). Give n(-5).
-6
Suppose 3*f + 33 = 3*g, -5*g - 2*f + 10 = 2*f. Let l(h) = h - 1 + h - g*h. Let y(a) = 66*a - 263. Let p be y(4). Determine l(p).
-5
Let o(w) = 2*w + 1. Let a = -14 - -17. Give o(a).
7
Let z be 2/(-7) + (-24)/14. Let g(f) = -3*f**3 + 7*f**2 + 3*f - 4. Let n(u) = -4*u**3 + 8*u**2 + 4*u - 5. Let o(h) = -5*g(h) + 4*n(h). Calculate o(z).
-6
Let m(d) = -7 + 8*d + 14 - 8. Calculate m(-2).
-17
Let a = -29 + 25. Suppose 3*l - 4*l = -2. Let c(p) = p**l - 2*p - 1 + 3*p + 2*p. Determine c(a).
3
Let p(m) be the third derivative of m**4/8 + m**3/2 + m**2. Suppose -5*q - 11 = 3*k, -5*q + 3 = 2*k - 6*k. Determine p(k).
-3
Let g be 2*(-1)/2 - -3. Let u(z) = 1 - 4*z**2 - 2 + 4*z - 1 + 5*z**g. What is u(-4)?
-2
Let h be 1/(-2) - (-21)/6. Suppose -n = h*j - 2*j - 5, -2*n = 4. Let t(p) = 0*p + 0*p + 1 - p. Give t(j).
-6
Let q(r) be the third derivative of r**6/120 - r**5/30 - r**4/12 - r**3/2 - 9*r**2. Determine q(3).
0
Let x(m) be the third derivative of 1/60*m**5 + 0*m - 1/6*m**3 + 1/6*m**4 + m**2 + 0. Let i be x(-5). Let z(f) = f**3 - 3*f**2 - 7*f + 6. Give z(i).
-6
Suppose -5*a = -5 - 5. Let v(z) = -z**2 + 0*z**2 + 0*z**a - z**2 + 2 + z**3 + 2*z. Calculate v(2).
6
Let h(s) = 3*s + 10*s - 3*s**2 - 7*s + 2*s**2. Suppose -3*n = -3*v + 15, -2*v - n = n - 14. Let l = -2 + v. What is h(l)?
8
Let l(g) be the first derivative of g**2/2 - 3*g + 4. Let i(x) = -x**3 - 3*x**2 + x - 1. Let q be i(-3). Calculate l(q).
-7
Let t(k) = 7*k**3 + k. Let x = 6 - 10. Let s = x + 5. Calculate t(s).
8
Let g(l) = -l**2 + 5*l + 5. Let q be g(5). Let z(n) = q + 1 - 1 + n. Let k = 8 + -12. Give z(k).
1
Let r be 2/(-8) + 6/(48/26). Let s(i) = -2*i + 3. Determine s(r).
-3
Let m(x) = 3*x**2 + 2*x. Let t be (-8)/6 + (-20)/30. Give m(t).
8
Let l(r) = r + 5. Suppose -3*y = -54 - 18. Suppose s - 3*p = -4, 2*p + p = -3*s - y. Calculate l(s).
-2
Let d = 3 + 3. Let n(q) = -q**3 + 5*q**2 + 7*q + 4. What is n(d)?
10
Let k(o) = -o**3 + 3*o**2 + 2. Let s be (3 + 0)*(0 - -1). Let g be k(s). Let l(v) be the first derivative of -v**4/2 + v**3/3 + v**2/2 + 2*v - 6. What is l(g)?
-8
Let a(t) = t**3 - 4*t**2 - 2*t + 6. Let p(f) = -f**3 + 4*f**2 + 3*f - 7. Let v(i) = -6*a(i) - 5*p(i). Give v(4).
-13
Let t(d) = -2*d**3 - 5*d**2 + 9*d - 5. Let a(m) = -m**3 - 3*m**2 + 4*m - 2. Let c(k) = 9*a(k) - 4*t(k). Give c(-7).
2
Let z(w) = 9*w + 1. Suppose -2*n + 0*n = 4*y + 10, 0 = n + 3. Give z(y).
-8
Let r(n) = -1 - 5 + 0*n**2 + 4 + n + n**2. Let i(t) = -4*t**3 + t**2 - 1. Let k be i(1). What is r(k)?
10
Suppose -3*r - 5 = -11. Let y be (-3 + 2 - -1)/r. Let c(f) = -5*f**2 + f**3 + y - 4 + 3*f**2. What is c(3)?
5
Let y(z) = -z**2 - z**3 - z**2 + 3*z - 2*z**2 + 4. Suppose -9 - 27 = 9*m. Determine y(m).
-8
Let g(b) = 15 - 2*b - 8 - 7. Give g(-5).
10
Suppose 2*r = 5*r - 6. Let v(j) = j**3 - j**2. What is v(r)?
4
Let j(x) = -x**3 + 5*x**2 + x - 3. Let w(d) = d - 2*d**2 + 0*d + 3*d**2 - 1. Let u(o) = -3*o**2 - o. Let n be u(-1). Let l(q) = n*w(q) + j(q). Determine l(2).
1
Let l(v) = -v**3 - 6*v**2 - 2*v - 6. Let i be l(-6). Let j = i + -3. Let h(a) = -7 + 0*a + 0*a - j*a. Give h(-5).
8
Let x(w) = 35*w**2 - 2 + 7*w - 36*w**2 + 0*w. Calculate x(7).
-2
Let i(x) = -x**2. Suppose 1 + 17 = -6*n. What is i(n)?
-9
Suppose 0 = 2*t - 6*t + 4. Let s(y) be the third derivative of -1/6*y**3 + 5*y**2 - 7/24*y**4 + 0 + 0*y. Give s(t).
-8
Let u(o) = 5 - 7 + o**3 + 4*o**2 - 4*o**3 + 2*o**3 - 2*o. Calculate u(3).
1
Let g(i) be the first derivative of -7*i**3/3 - i**2 - i + 1. Suppose 4*p - 3*p - 4*j - 4 = 0, -j = -3*p + 23. Let y = -9 + p. What is g(y)?
-6